{"id":950,"date":"2023-09-19T12:48:35","date_gmt":"2023-09-19T10:48:35","guid":{"rendered":"http:\/\/www.autisti.sk\/lienka\/?page_id=950"},"modified":"2023-09-19T12:48:36","modified_gmt":"2023-09-19T10:48:36","slug":"prijate-dary-v-roku-2023","status":"publish","type":"page","link":"http:\/\/www.autisti.sk\/lienka\/prijate-dary-v-roku-2023\/","title":{"rendered":"Prijat\u00e9 dary v roku 2023"},"content":{"rendered":"\n<p>Touto cestou by sme sa chceli po\u010fakova\u0165 p\u00e1novi Plevkovi a spolo\u010dnosti Solvent SR, s. r. o. za finan\u010dn\u00fa pomoc 1 000 \u20ac. Taktie\u017e \u00faprimn\u00fa v\u010faku vyjadrujeme aj Rotary Clubu za \u00fastretovos\u0165 a za sprostredkovanie tejto finan\u010dnej pomoci. Za darovan\u00e9 finan\u010dn\u00e9 prostriedky sme zak\u00fapili:<\/p>\n\n\n\n<ul><li>osobn\u00fd po\u010d\u00edta\u010d Dell Vostro 3710 SFF v hodnote 730,69 \u20ac<\/li><li>kancel\u00e1rsky softv\u00e9r Microsoft Office 2021 v hodnote 163,69 \u20ac<\/li><\/ul>\n\n\n\n<p>Spolu to \u010din\u00ed \u010diastku 894,38 \u20ac. Zost\u00e1vaj\u00face finan\u010dn\u00e9 prostriedky v sume 105,62 \u20ac tie\u017e vyu\u017eijeme pod\u013ea potrieb na\u0161ich klientov.<\/p>\n\n\n\n<p>\u00da\u010dtovn\u00e9 doklady k tejto k\u00fape (fakt\u00fary) s\u00fa zalo\u017een\u00e9 v \u00fa\u010dtovn\u00edctve v na\u0161om zariaden\u00ed.<\/p>\n\n\n\n<p class=\"has-text-align-center\"><strong>E\u0161te raz ve\u013ek\u00e1 v\u010faka!<\/strong><\/p>\n\n\n\n<p class=\"has-text-align-left\">Na po\u010d\u00edta\u010di bud\u00fa pracova\u0165 nie len zamestnanci zariadenia, ale aj klienti v r\u00e1mci soci\u00e1lnej rehabilit\u00e1cie.<\/p>\n\n\n\n<figure class=\"wp-block-image size-large\"><img loading=\"lazy\" width=\"1024\" height=\"834\" src=\"http:\/\/www.autisti.sk\/lienka\/wp-content\/uploads\/2023\/09\/dar_solvent-1024x834.jpg\" alt=\"\" class=\"wp-image-942\" srcset=\"http:\/\/www.autisti.sk\/lienka\/wp-content\/uploads\/2023\/09\/dar_solvent-1024x834.jpg 1024w, http:\/\/www.autisti.sk\/lienka\/wp-content\/uploads\/2023\/09\/dar_solvent-300x244.jpg 300w, http:\/\/www.autisti.sk\/lienka\/wp-content\/uploads\/2023\/09\/dar_solvent-768x625.jpg 768w, http:\/\/www.autisti.sk\/lienka\/wp-content\/uploads\/2023\/09\/dar_solvent-1536x1251.jpg 1536w, http:\/\/www.autisti.sk\/lienka\/wp-content\/uploads\/2023\/09\/dar_solvent-2048x1668.jpg 2048w, http:\/\/www.autisti.sk\/lienka\/wp-content\/uploads\/2023\/09\/dar_solvent-74x60.jpg 74w\" sizes=\"(max-width: 1024px) 100vw, 1024px\" \/><\/figure>\n","protected":false},"excerpt":{"rendered":"<p>Touto cestou by sme sa chceli po\u010fakova\u0165 p\u00e1novi Plevkovi a spolo\u010dnosti Solvent SR, s. r. o. za finan\u010dn\u00fa pomoc 1 000 \u20ac. Taktie\u017e \u00faprimn\u00fa v\u010faku vyjadrujeme aj Rotary Clubu za \u00fastretovos\u0165 a za sprostredkovanie tejto finan\u010dnej pomoci. Za darovan\u00e9 finan\u010dn\u00e9 prostriedky sme zak\u00fapili: osobn\u00fd po\u010d\u00edta\u010d Dell Vostro 3710 SFF v hodnote 730,69 \u20ac kancel\u00e1rsky softv\u00e9r Microsoft Office 2021 v hodnote 163,69 \u20ac Spolu to \u010din\u00ed \u010diastku 894,38 \u20ac. Zost\u00e1vaj\u00face finan\u010dn\u00e9 prostriedky v sume 105,62 \u20ac tie\u017e vyu\u017eijeme pod\u013ea potrieb na\u0161ich klientov. \u00da\u010dtovn\u00e9 doklady k tejto k\u00fape (fakt\u00fary) s\u00fa zalo\u017een\u00e9 v \u00fa\u010dtovn\u00edctve v na\u0161om zariaden\u00ed. E\u0161te raz ve\u013ek\u00e1 v\u010faka! Na po\u010d\u00edta\u010di &hellip; <\/p>\n","protected":false},"author":3,"featured_media":0,"parent":0,"menu_order":0,"comment_status":"closed","ping_status":"closed","template":"","meta":{"ngg_post_thumbnail":0},"_links":{"self":[{"href":"http:\/\/www.autisti.sk\/lienka\/wp-json\/wp\/v2\/pages\/950"}],"collection":[{"href":"http:\/\/www.autisti.sk\/lienka\/wp-json\/wp\/v2\/pages"}],"about":[{"href":"http:\/\/www.autisti.sk\/lienka\/wp-json\/wp\/v2\/types\/page"}],"author":[{"embeddable":true,"href":"http:\/\/www.autisti.sk\/lienka\/wp-json\/wp\/v2\/users\/3"}],"replies":[{"embeddable":true,"href":"http:\/\/www.autisti.sk\/lienka\/wp-json\/wp\/v2\/comments?post=950"}],"version-history":[{"count":1,"href":"http:\/\/www.autisti.sk\/lienka\/wp-json\/wp\/v2\/pages\/950\/revisions"}],"predecessor-version":[{"id":951,"href":"http:\/\/www.autisti.sk\/lienka\/wp-json\/wp\/v2\/pages\/950\/revisions\/951"}],"wp:attachment":[{"href":"http:\/\/www.autisti.sk\/lienka\/wp-json\/wp\/v2\/media?parent=950"}],"curies":[{"name":"wp","href":"https:\/\/api.w.org\/{rel}","templated":true}]}}