{"id":912,"date":"2023-07-19T16:24:19","date_gmt":"2023-07-19T14:24:19","guid":{"rendered":"http:\/\/www.autisti.sk\/lienka\/?page_id=912"},"modified":"2023-07-19T16:27:03","modified_gmt":"2023-07-19T14:27:03","slug":"prijate-dary-v-roku-2022","status":"publish","type":"page","link":"http:\/\/www.autisti.sk\/lienka\/prijate-dary-v-roku-2022\/","title":{"rendered":"Prijat\u00e9 dary v roku 2022"},"content":{"rendered":"\n<p><strong>Klub rodi\u010dov autistick\u00fdch det\u00ed v\u00a0Nitre v\u00a0roku 2022 prijal:<\/strong><br><\/p>\n\n\n\n<div style=\"height:14px\" aria-hidden=\"true\" class=\"wp-block-spacer\"><\/div>\n\n\n\n<ul><li> na z\u00e1klade darovac\u00edch zml\u00fav finan\u010dn\u00e9 dary<\/li><\/ul>\n\n\n\n<div style=\"height:14px\" aria-hidden=\"true\" class=\"wp-block-spacer\"><\/div>\n\n\n\n<figure class=\"wp-block-table\"><table><tbody><tr><td><strong>p<\/strong>.<strong>\u010d.<\/strong><\/td><td><strong>\u010d\u00edslo DZ<\/strong><\/td><td><strong>darca<\/strong><\/td><td><strong>predmet<br>darovania<\/strong><\/td><td><strong>hodnota<br>daru \u20ac<\/strong><\/td><\/tr><tr><td>1.<\/td><td>093\/DZ\/2022<\/td><td>VERKO, s. r. o.<\/td><td>finan\u010dn\u00fd dar<\/td><td>500,00<\/td><\/tr><tr><td>2.<\/td><td>094\/DZ2022<\/td><td>FIRSTIN, s. r. o.<\/td><td>finan\u010dn\u00fd dar<\/td><td>500,00<\/td><\/tr><tr><td>3.<\/td><td>095\/DZ\/2022<\/td><td>MUDr.<br>\u013dubom\u00edr Kov\u00e1\u010d<\/td><td>finan\u010dn\u00fd dar<\/td><td>200,00<\/td><\/tr><tr><td>4.<\/td><td>105\/DZ\/2022<\/td><td>Eleon\u00f3ra<br>Seifertov\u00e1<\/td><td>finan\u010dn\u00fd dar<\/td><td>149,00<\/td><\/tr><tr><td>5.<\/td><td>0107\/DZ\/2022<\/td><td>M\u00e1ria<br>V\u00f6r\u00f6\u0161ov\u00e1<\/td><td>finan\u010dn\u00fd dar<\/td><td>271,50<\/td><\/tr><tr><td>6.<\/td><td>109\/DZ\/2022<\/td><td>Ing. Jana<br>Bakytov\u00e1<\/td><td>finan\u010dn\u00fd dar<\/td><td>63,59<\/td><\/tr><tr><td><\/td><td><strong>spolu<\/strong><\/td><td><\/td><td><\/td><td><strong>1&nbsp;684,09<\/strong><\/td><\/tr><\/tbody><\/table><\/figure>\n\n\n\n<div style=\"height:40px\" aria-hidden=\"true\" class=\"wp-block-spacer\"><\/div>\n\n\n\n<ul><li><strong>2 % zaplatenej dane za rok 2021 \u2013 \u010diastku 14\u00a0859,81 \u20ac prip\u00edsan\u00fa na \u00fa\u010det \u00fa\u010det klubu v roku 2022 \u2013 tieto prostriedky bud\u00fa \u010derpan\u00e9 v roku 2023, podrobn\u00e9 \u010derpanie bude uveden\u00e9 vo v\u00fdro\u010dnej spr\u00e1ve ob\u010dianskeho zdru\u017eenia za rok 2023.<\/strong><\/li><\/ul>\n\n\n\n<div style=\"height:46px\" aria-hidden=\"true\" class=\"wp-block-spacer\"><\/div>\n\n\n\n<p><em>V Nitre d\u0148a 31.12.2022<\/em><\/p>\n\n\n\n<p><em>Vlasta Klbikov\u00e1, mana\u017e\u00e9rka prev\u00e1dzky zariadenia<\/em><\/p>\n","protected":false},"excerpt":{"rendered":"<p>Klub rodi\u010dov autistick\u00fdch det\u00ed v\u00a0Nitre v\u00a0roku 2022 prijal: na z\u00e1klade darovac\u00edch zml\u00fav finan\u010dn\u00e9 dary p.\u010d. \u010d\u00edslo DZ darca predmetdarovania hodnotadaru \u20ac 1. 093\/DZ\/2022 VERKO, s. r. o. finan\u010dn\u00fd dar 500,00 2. 094\/DZ2022 FIRSTIN, s. r. o. finan\u010dn\u00fd dar 500,00 3. 095\/DZ\/2022 MUDr.\u013dubom\u00edr Kov\u00e1\u010d finan\u010dn\u00fd dar 200,00 4. 105\/DZ\/2022 Eleon\u00f3raSeifertov\u00e1 finan\u010dn\u00fd dar 149,00 5. 0107\/DZ\/2022 M\u00e1riaV\u00f6r\u00f6\u0161ov\u00e1 finan\u010dn\u00fd dar 271,50 6. 109\/DZ\/2022 Ing. JanaBakytov\u00e1 finan\u010dn\u00fd dar 63,59 spolu 1&nbsp;684,09 2 % zaplatenej dane za rok 2021 \u2013 \u010diastku 14\u00a0859,81 \u20ac prip\u00edsan\u00fa na \u00fa\u010det \u00fa\u010det klubu v roku 2022 \u2013 tieto prostriedky bud\u00fa \u010derpan\u00e9 v roku 2023, podrobn\u00e9 \u010derpanie bude uveden\u00e9 vo v\u00fdro\u010dnej &hellip; <\/p>\n","protected":false},"author":3,"featured_media":0,"parent":0,"menu_order":0,"comment_status":"closed","ping_status":"closed","template":"","meta":{"ngg_post_thumbnail":0},"_links":{"self":[{"href":"http:\/\/www.autisti.sk\/lienka\/wp-json\/wp\/v2\/pages\/912"}],"collection":[{"href":"http:\/\/www.autisti.sk\/lienka\/wp-json\/wp\/v2\/pages"}],"about":[{"href":"http:\/\/www.autisti.sk\/lienka\/wp-json\/wp\/v2\/types\/page"}],"author":[{"embeddable":true,"href":"http:\/\/www.autisti.sk\/lienka\/wp-json\/wp\/v2\/users\/3"}],"replies":[{"embeddable":true,"href":"http:\/\/www.autisti.sk\/lienka\/wp-json\/wp\/v2\/comments?post=912"}],"version-history":[{"count":2,"href":"http:\/\/www.autisti.sk\/lienka\/wp-json\/wp\/v2\/pages\/912\/revisions"}],"predecessor-version":[{"id":916,"href":"http:\/\/www.autisti.sk\/lienka\/wp-json\/wp\/v2\/pages\/912\/revisions\/916"}],"wp:attachment":[{"href":"http:\/\/www.autisti.sk\/lienka\/wp-json\/wp\/v2\/media?parent=912"}],"curies":[{"name":"wp","href":"https:\/\/api.w.org\/{rel}","templated":true}]}}