{"id":452,"date":"2022-01-21T18:19:01","date_gmt":"2022-01-21T17:19:01","guid":{"rendered":"http:\/\/www.autisti.sk\/lienka\/?page_id=452"},"modified":"2026-02-11T09:45:02","modified_gmt":"2026-02-11T08:45:02","slug":"podporte-nas","status":"publish","type":"page","link":"http:\/\/www.autisti.sk\/lienka\/podporte-nas\/","title":{"rendered":"Podporte n\u00e1s"},"content":{"rendered":"\n<p>Priatelia, 2 % z va\u0161ich uhraden\u00fdch dan\u00ed pou\u017eijeme na soci\u00e1lnu rehabilit\u00e1ciu na\u0161ich klientov a na podporu ich inkl\u00fazie do komunity n\u00e1\u0161ho mesta. Z vyzbieran\u00fdch prostriedkov vieme:<\/p>\n\n\n\n<ul><li>zabezpe\u010di\u0165 materi\u00e1l na soci\u00e1lnu rehabilit\u00e1ciu klientov,<\/li><li>zabezpe\u010di\u0165 expres\u00edvne terapie pre klientov,<\/li><li>tr\u00e9nova\u0165 ich v sebaobslu\u017en\u00fdch \u00fakonoch,<\/li><li>tr\u00e9nova\u0165 ich v starostlivosti o dom\u00e1cnos\u0165 a vo varen\u00ed,<\/li><li>podpori\u0165 ich motoriku, kognit\u00edvne a pam\u00e4\u0165ov\u00e9 funkcie,<\/li><li>pom\u00e1ha\u0165 im pri za\u010dle\u0148ovan\u00ed do spolo\u010dnosti a h\u013eadan\u00ed priate\u013eov,<\/li><li>pom\u00e1ha\u0165 im pri integr\u00e1cii na trh pr\u00e1ce.<\/li><\/ul>\n\n\n\n<div style=\"height:22px\" aria-hidden=\"true\" class=\"wp-block-spacer\"><\/div>\n\n\n\n<figure class=\"wp-block-image size-large\"><img loading=\"lazy\" width=\"1024\" height=\"768\" src=\"http:\/\/www.autisti.sk\/lienka\/wp-content\/uploads\/2024\/03\/2percentaKolaz-2-1024x768.jpg\" alt=\"\" class=\"wp-image-989\" srcset=\"http:\/\/www.autisti.sk\/lienka\/wp-content\/uploads\/2024\/03\/2percentaKolaz-2-1024x768.jpg 1024w, http:\/\/www.autisti.sk\/lienka\/wp-content\/uploads\/2024\/03\/2percentaKolaz-2-300x225.jpg 300w, http:\/\/www.autisti.sk\/lienka\/wp-content\/uploads\/2024\/03\/2percentaKolaz-2-768x576.jpg 768w, http:\/\/www.autisti.sk\/lienka\/wp-content\/uploads\/2024\/03\/2percentaKolaz-2-1536x1152.jpg 1536w, http:\/\/www.autisti.sk\/lienka\/wp-content\/uploads\/2024\/03\/2percentaKolaz-2-80x60.jpg 80w, http:\/\/www.autisti.sk\/lienka\/wp-content\/uploads\/2024\/03\/2percentaKolaz-2.jpg 1890w\" sizes=\"(max-width: 1024px) 100vw, 1024px\" \/><\/figure>\n\n\n\n<div style=\"height:54px\" aria-hidden=\"true\" class=\"wp-block-spacer\"><\/div>\n\n\n\n<figure class=\"wp-block-table\"><table><tbody><tr><td>Sme<\/td><td class=\"has-text-align-center\" data-align=\"center\"><strong>Ob\u010dianske zdru\u017eenie<\/strong><\/td><\/tr><tr><td>N\u00e1zov a s\u00eddlo<\/td><td class=\"has-text-align-center\" data-align=\"center\"><strong>Klub rodi\u010dov autistick\u00fdch det\u00ed v Nitre<br>Vodn\u00e1 1119\/7<br>949 01 Nitra<\/strong><\/td><\/tr><tr><td>I\u010cO<\/td><td class=\"has-text-align-center\" data-align=\"center\"><strong>50423673<\/strong><\/td><\/tr><\/tbody><\/table><\/figure>\n\n\n\n<div style=\"height:50px\" aria-hidden=\"true\" class=\"wp-block-spacer\"><\/div>\n\n\n\n<hr class=\"wp-block-separator has-alpha-channel-opacity\"\/>\n\n\n\n<div style=\"height:50px\" aria-hidden=\"true\" class=\"wp-block-spacer\"><\/div>\n\n\n\n<div class=\"wp-block-file\"><a id=\"wp-block-file--media-d52cbf05-aad1-4a2a-b3dc-52274aaa124f\" href=\"http:\/\/www.autisti.sk\/lienka\/wp-content\/uploads\/2026\/02\/Vyhlasenie-o-poukazani-podielu-zaplatenej-dane-z-prrijmov-fyzickej-osoby.pdf\">Vyhl\u00e1senie o pouk\u00e1zan\u00ed podielu zaplatenej dane z pr\u00edjmov fyzickej osoby<\/a><a href=\"http:\/\/www.autisti.sk\/lienka\/wp-content\/uploads\/2026\/02\/Vyhlasenie-o-poukazani-podielu-zaplatenej-dane-z-prrijmov-fyzickej-osoby.pdf\" class=\"wp-block-file__button\" download aria-describedby=\"wp-block-file--media-d52cbf05-aad1-4a2a-b3dc-52274aaa124f\">Stiahnu\u0165<\/a><\/div>\n","protected":false},"excerpt":{"rendered":"<p>Priatelia, 2 % z va\u0161ich uhraden\u00fdch dan\u00ed pou\u017eijeme na soci\u00e1lnu rehabilit\u00e1ciu na\u0161ich klientov a na podporu ich inkl\u00fazie do komunity n\u00e1\u0161ho mesta. Z vyzbieran\u00fdch prostriedkov vieme: zabezpe\u010di\u0165 materi\u00e1l na soci\u00e1lnu rehabilit\u00e1ciu klientov, zabezpe\u010di\u0165 expres\u00edvne terapie pre klientov, tr\u00e9nova\u0165 ich v sebaobslu\u017en\u00fdch \u00fakonoch, tr\u00e9nova\u0165 ich v starostlivosti o dom\u00e1cnos\u0165 a vo varen\u00ed, podpori\u0165 ich motoriku, kognit\u00edvne a pam\u00e4\u0165ov\u00e9 funkcie, pom\u00e1ha\u0165 im pri za\u010dle\u0148ovan\u00ed do spolo\u010dnosti a h\u013eadan\u00ed priate\u013eov, pom\u00e1ha\u0165 im pri integr\u00e1cii na trh pr\u00e1ce. Sme Ob\u010dianske zdru\u017eenie N\u00e1zov a s\u00eddlo Klub rodi\u010dov autistick\u00fdch det\u00ed v NitreVodn\u00e1 1119\/7949 01 Nitra I\u010cO 50423673<\/p>\n","protected":false},"author":2,"featured_media":0,"parent":0,"menu_order":0,"comment_status":"closed","ping_status":"closed","template":"","meta":{"ngg_post_thumbnail":0},"_links":{"self":[{"href":"http:\/\/www.autisti.sk\/lienka\/wp-json\/wp\/v2\/pages\/452"}],"collection":[{"href":"http:\/\/www.autisti.sk\/lienka\/wp-json\/wp\/v2\/pages"}],"about":[{"href":"http:\/\/www.autisti.sk\/lienka\/wp-json\/wp\/v2\/types\/page"}],"author":[{"embeddable":true,"href":"http:\/\/www.autisti.sk\/lienka\/wp-json\/wp\/v2\/users\/2"}],"replies":[{"embeddable":true,"href":"http:\/\/www.autisti.sk\/lienka\/wp-json\/wp\/v2\/comments?post=452"}],"version-history":[{"count":9,"href":"http:\/\/www.autisti.sk\/lienka\/wp-json\/wp\/v2\/pages\/452\/revisions"}],"predecessor-version":[{"id":1181,"href":"http:\/\/www.autisti.sk\/lienka\/wp-json\/wp\/v2\/pages\/452\/revisions\/1181"}],"wp:attachment":[{"href":"http:\/\/www.autisti.sk\/lienka\/wp-json\/wp\/v2\/media?parent=452"}],"curies":[{"name":"wp","href":"https:\/\/api.w.org\/{rel}","templated":true}]}}