{"id":352,"date":"2021-11-12T14:17:26","date_gmt":"2021-11-12T13:17:26","guid":{"rendered":"http:\/\/www.autisti.sk\/lienka\/?page_id=352"},"modified":"2022-10-28T18:14:24","modified_gmt":"2022-10-28T16:14:24","slug":"nasi-partneri","status":"publish","type":"page","link":"http:\/\/www.autisti.sk\/lienka\/nasi-partneri\/","title":{"rendered":"NA\u0160I PARTNERI"},"content":{"rendered":"\n<p class=\"has-text-align-left\" style=\"font-size:18px\">Zariadenie LIENKA udr\u017eiava partnersk\u00e9 vz\u0165ahy s partnermi, ktor\u00ed s\u00fa zariadeniu n\u00e1pomocn\u00ed pri<br>nap\u013a\u0148an\u00ed poslania, v\u00edzie a&nbsp;cie\u013eov zariadenia a&nbsp;pri za\u010dle\u0148ovan\u00ed klientov do komunity. Tie\u017e akt\u00edvne<br>h\u013ead\u00e1 nov\u00fdch partnerov pre spolupr\u00e1cu, \u010d\u00edm chce roz\u0161\u00edri\u0165 priate\u013estv\u00e1 a \u010fal\u0161ie mo\u017enosti<br>za\u010dle\u0148ovania klientov do komunity. Pl\u00e1nuj\u00fa a realizuj\u00fa sa workshopy s partnermi,<br>prostredn\u00edctvom ktor\u00fdch klienti spozn\u00e1vaj\u00fa nov\u00fdch priate\u013eov, ktor\u00ed im pom\u00e1haj\u00fa u\u010di\u0165 sa nov\u00fdm<br>zru\u010dnostiam a&nbsp;spolu organizuj\u00fa komunitn\u00e9 aktivity.<\/p>\n\n\n\n<p class=\"has-text-align-left\" style=\"font-size:18px\"><br>V&nbsp;zariaden\u00ed funguj\u00fa partnerstv\u00e1 na form\u00e1lnej \u00farovni, ktor\u00e9 s\u00fa zabezpe\u010den\u00e9 zmluvne. Jedn\u00e1 sa<br>hlavne o&nbsp;partnersk\u00e9 vz\u0165ahy s&nbsp;organiz\u00e1ciami ako je Nitriansky samospr\u00e1vny kraj pr\u00edpadne in\u00e9<br>V\u00daC, Mesto Nitra, pr\u00edpadne in\u00e9 samospr\u00e1vy, MPSVR SR, \u00darad pr\u00e1ce a&nbsp;soci\u00e1lnych vec\u00ed v&nbsp;Nitre,<br>poskytovate\u013e superv\u00edzie a \u010fal\u0161\u00ed.<\/p>\n\n\n\n<p class=\"has-text-align-left\" style=\"font-size:18px\"><br>Medzi partnerstv\u00e1 na form\u00e1lnej \u00farovni zahr\u0148ujeme aj pr\u00e1cu dobrovo\u013en\u00edkov a&nbsp;praktikantov<br>v&nbsp;na\u0161om zariaden\u00ed. Zariadenie m\u00e1 s&nbsp;dobrovo\u013en\u00edkmi uzatvoren\u00fa zmluvu o&nbsp;dobrovo\u013en\u00edckej<br>\u010dinnosti v&nbsp;s\u00falade so z\u00e1konom \u010d. 406\/2011 Z. z. o&nbsp;dobrovo\u013en\u00edckej \u010dinnosti v&nbsp;platnom znen\u00ed<br>a&nbsp;s&nbsp;praktikantmi zmluvu o&nbsp;vykonan\u00ed odbornej praxe v&nbsp;s\u00falade so z\u00e1konom \u010d. 40\/1964 Zb.<br>Ob\u010dianskeho z\u00e1konn\u00edka v&nbsp;platnom znen\u00ed. Dobrovo\u013en\u00edci n\u00e1m pom\u00e1haj\u00fa skvalit\u0148ova\u0165 na\u0161u pr\u00e1cu,<br>uskuto\u010d\u0148uj\u00fa r\u00f4zne vo\u013eno \u010dasov\u00e9 aktivity s klientmi, u\u010dia ich manu\u00e1lnym zru\u010dnostiam,<br>podporuj\u00fa ich a&nbsp;pom\u00e1haj\u00fa im pri r\u00f4znych aktivit\u00e1ch. Praktikanti na jednej strane z\u00edskavaj\u00fa<br>v&nbsp;na\u0161om zariaden\u00ed praktick\u00e9 zru\u010dnosti potrebn\u00e9 na v\u00fdkon ich bud\u00facej pr\u00e1ce a&nbsp;na druhej strane<br>s\u00fa pre klientov zariadenia pr\u00ednosom, pom\u00e1haj\u00fa im v&nbsp;soci\u00e1lnej inkl\u00fazii za\u010dleni\u0165 sa do komunity.<br>V&nbsp;zariaden\u00ed je veden\u00e1 doch\u00e1dzka dobrovo\u013en\u00edkov aj praktikantov. S\u00fa zap\u00e1jan\u00ed do priameho<br>kontaktu s&nbsp;klientmi tak aby nebol poru\u0161ovan\u00fd z\u00e1kon \u010d. 18\/2018 Zb. o&nbsp;ochrane osobn\u00fdch<br>\u00fadajov v&nbsp;platnom znen\u00ed a&nbsp;aby bola zachovan\u00e1 diskr\u00e9tnos\u0165.<\/p>\n\n\n\n<p class=\"has-text-align-left\" style=\"font-size:18px\"><br>Osobitn\u00fa skupinu form\u00e1lnych partnerstiev tvoria dobrovo\u013en\u00ed darcovia. Partnersk\u00fd vz\u0165ah s nimi<br>je zabezpe\u010den\u00fd darovacou zmluvou, pri\u010dom sa jedn\u00e1 o pe\u0148a\u017en\u00e9 alebo nepe\u0148a\u017en\u00e9 dary.<\/p>\n\n\n\n<p style=\"font-size:18px\">\u010co sa t\u00fdka partnerstiev na neform\u00e1lnej \u00farovni \u2013 zariadenie spolupracuje s r\u00f4znymi partnermi aj neform\u00e1lne, obvykle bez zmluvn\u00e9ho zabezpe\u010denia, partnersk\u00e9 vz\u0165ahy a spolupr\u00e1ca s\u00fa dohodnut\u00e9 \u00fastne. Jedn\u00e1 sa o partnerov, ktor\u00fdch m\u00f4\u017eu na\u0161i klienti nav\u0161tevova\u0165, spolu pl\u00e1nova\u0165 r\u00f4zne aktivity, pr\u00edpadne u nich vykon\u00e1va\u0165 dobrovo\u013en\u00edcku \u010dinnos\u0165. Ak m\u00e1 klient z\u00e1ujem vykon\u00e1va\u0165 u partnera dobrovo\u013en\u00edcku \u010dinnos\u0165 a s partnerom sa dohodne o ak\u00e9 konkr\u00e9tne \u010dinnosti sa jedn\u00e1, tak tento vz\u0165ah sa potvrd\u00ed uzatvoren\u00edm zmluvy o dobrovo\u013en\u00edckej \u010dinnosti medzi partnerom a na\u0161im klientom. Cie\u013eom tejto spolupr\u00e1ce je maxim\u00e1lne za\u010dlenenie klientov do komunity, zamedzenie soci\u00e1lnemu vyl\u00fa\u010deniu a v r\u00e1mci mo\u017enost\u00ed klientov aj pr\u00edprava na trh pr\u00e1ce.<\/p>\n\n\n\n<p style=\"font-size:18px\"><br>V\u0161etci prij\u00edmatelia soci\u00e1lnych slu\u017eieb v zariaden\u00ed s\u00fa zapojen\u00ed do za\u010dle\u0148ovania sa do komunity a do partnersk\u00fdch vz\u0165ahov pod\u013ea ich mo\u017enost\u00ed a schopnost\u00ed. Zamestnanci zariadenia maj\u00fa individu\u00e1lny pr\u00edstup ku ka\u017ed\u00e9mu prij\u00edmate\u013eovi soci\u00e1lnej slu\u017eby a s\u00fa mu n\u00e1pomocn\u00ed pri komunik\u00e1cii s partnermi.<\/p>\n\n\n\n<div style=\"height:47px\" aria-hidden=\"true\" class=\"wp-block-spacer\"><\/div>\n\n\n\n<h4 class=\"has-text-align-center has-white-color has-pale-pink-background-color has-text-color has-background\"><strong>V\u0161etk\u00fdm na\u0161im partnerom \u010fakujeme za spolupr\u00e1cu<\/strong>!<\/h4>\n\n\n\n<div style=\"height:63px\" aria-hidden=\"true\" class=\"wp-block-spacer\"><\/div>\n\n\n\n<figure class=\"wp-block-image size-large\"><img loading=\"lazy\" width=\"1024\" height=\"499\" src=\"http:\/\/www.autisti.sk\/lienka\/wp-content\/uploads\/2021\/11\/download-2.png\" alt=\"\" class=\"wp-image-355\" srcset=\"http:\/\/www.autisti.sk\/lienka\/wp-content\/uploads\/2021\/11\/download-2.png 1024w, http:\/\/www.autisti.sk\/lienka\/wp-content\/uploads\/2021\/11\/download-2-300x146.png 300w, http:\/\/www.autisti.sk\/lienka\/wp-content\/uploads\/2021\/11\/download-2-768x374.png 768w, http:\/\/www.autisti.sk\/lienka\/wp-content\/uploads\/2021\/11\/download-2-123x60.png 123w\" sizes=\"(max-width: 1024px) 100vw, 1024px\" \/><\/figure>\n\n\n\n<div style=\"height:40px\" aria-hidden=\"true\" class=\"wp-block-spacer\"><\/div>\n\n\n\n<div class=\"wp-container-1 is-horizontal is-content-justification-center wp-block-buttons\">\n<div class=\"wp-block-button has-custom-width wp-block-button__width-100 is-style-outline\"><a class=\"wp-block-button__link has-text-color has-background\" href=\"http:\/\/www.autisti.sk\/lienka\/formalne-partnerske-vztahy\/\" style=\"background-color:#ba0c49;color:#fffffa\">Form\u00e1lne partnersk\u00e9 vz\u0165ahy<\/a><\/div>\n\n\n\n<div class=\"wp-block-button has-custom-width wp-block-button__width-100 is-style-outline\"><a class=\"wp-block-button__link has-white-color has-text-color has-background\" href=\"http:\/\/www.autisti.sk\/lienka\/neformalne-partnerske-vztahy\/\" style=\"background-color:#ba0c49\">Neform\u00e1lne partnersk\u00e9 vz\u0165ahy<\/a><\/div>\n<\/div>\n\n\n\n<p><\/p>\n","protected":false},"excerpt":{"rendered":"<p>Zariadenie LIENKA udr\u017eiava partnersk\u00e9 vz\u0165ahy s partnermi, ktor\u00ed s\u00fa zariadeniu n\u00e1pomocn\u00ed prinap\u013a\u0148an\u00ed poslania, v\u00edzie a&nbsp;cie\u013eov zariadenia a&nbsp;pri za\u010dle\u0148ovan\u00ed klientov do komunity. Tie\u017e akt\u00edvneh\u013ead\u00e1 nov\u00fdch partnerov pre spolupr\u00e1cu, \u010d\u00edm chce roz\u0161\u00edri\u0165 priate\u013estv\u00e1 a \u010fal\u0161ie mo\u017enostiza\u010dle\u0148ovania klientov do komunity. Pl\u00e1nuj\u00fa a realizuj\u00fa sa workshopy s partnermi,prostredn\u00edctvom ktor\u00fdch klienti spozn\u00e1vaj\u00fa nov\u00fdch priate\u013eov, ktor\u00ed im pom\u00e1haj\u00fa u\u010di\u0165 sa nov\u00fdmzru\u010dnostiam a&nbsp;spolu organizuj\u00fa komunitn\u00e9 aktivity. V&nbsp;zariaden\u00ed funguj\u00fa partnerstv\u00e1 na form\u00e1lnej \u00farovni, ktor\u00e9 s\u00fa zabezpe\u010den\u00e9 zmluvne. Jedn\u00e1 sahlavne o&nbsp;partnersk\u00e9 vz\u0165ahy s&nbsp;organiz\u00e1ciami ako je Nitriansky samospr\u00e1vny kraj pr\u00edpadne in\u00e9V\u00daC, Mesto Nitra, pr\u00edpadne in\u00e9 samospr\u00e1vy, MPSVR SR, \u00darad pr\u00e1ce a&nbsp;soci\u00e1lnych vec\u00ed v&nbsp;Nitre,poskytovate\u013e superv\u00edzie a \u010fal\u0161\u00ed. Medzi partnerstv\u00e1 na form\u00e1lnej &hellip; <\/p>\n","protected":false},"author":2,"featured_media":0,"parent":0,"menu_order":0,"comment_status":"closed","ping_status":"closed","template":"","meta":{"ngg_post_thumbnail":0},"_links":{"self":[{"href":"http:\/\/www.autisti.sk\/lienka\/wp-json\/wp\/v2\/pages\/352"}],"collection":[{"href":"http:\/\/www.autisti.sk\/lienka\/wp-json\/wp\/v2\/pages"}],"about":[{"href":"http:\/\/www.autisti.sk\/lienka\/wp-json\/wp\/v2\/types\/page"}],"author":[{"embeddable":true,"href":"http:\/\/www.autisti.sk\/lienka\/wp-json\/wp\/v2\/users\/2"}],"replies":[{"embeddable":true,"href":"http:\/\/www.autisti.sk\/lienka\/wp-json\/wp\/v2\/comments?post=352"}],"version-history":[{"count":15,"href":"http:\/\/www.autisti.sk\/lienka\/wp-json\/wp\/v2\/pages\/352\/revisions"}],"predecessor-version":[{"id":660,"href":"http:\/\/www.autisti.sk\/lienka\/wp-json\/wp\/v2\/pages\/352\/revisions\/660"}],"wp:attachment":[{"href":"http:\/\/www.autisti.sk\/lienka\/wp-json\/wp\/v2\/media?parent=352"}],"curies":[{"name":"wp","href":"https:\/\/api.w.org\/{rel}","templated":true}]}}