{"id":165,"date":"2021-04-29T09:19:29","date_gmt":"2021-04-29T07:19:29","guid":{"rendered":"http:\/\/www.autisti.sk\/lienka\/?page_id=165"},"modified":"2025-09-09T14:35:51","modified_gmt":"2025-09-09T12:35:51","slug":"informacie-pre-zaujemcov-o-poskytovanie-socialnej-sluzby","status":"publish","type":"page","link":"http:\/\/www.autisti.sk\/lienka\/informacie-pre-zaujemcov-o-poskytovanie-socialnej-sluzby\/","title":{"rendered":"Inform\u00e1cie pre z\u00e1ujemcov o poskytovanie soci\u00e1lnej slu\u017eby"},"content":{"rendered":"\n<p>Aby mohla by\u0165 z\u00e1ujemcovi o&nbsp;soci\u00e1lnu slu\u017ebu v&nbsp;na\u0161om zariaden\u00ed t\u00e1to slu\u017eba poskytovan\u00e1 so zmluvn\u00fdm zabezpe\u010den\u00edm z&nbsp;NSK (pr\u00edpadne in\u00e9ho VUC pod\u013ea bydliska z\u00e1ujemcu), je potrebn\u00e9 postupova\u0165 pod\u013ea t\u00fdchto administrat\u00edvnych krokov:<\/p>\n\n\n\n<ol type=\"1\"><li>Fyzick\u00e1 osoba po\u017eiada na pr\u00edslu\u0161nom \u00daPSVR o&nbsp;integrovan\u00fd posudok (pod\u013ea miesta trval\u00e9ho bydliska). &nbsp;V&nbsp;na\u0161om pr\u00edpade ide <strong>o&nbsp;odk\u00e1zanos\u0165 na \u0161pecializovan\u00e9 zariadenie.<\/strong> Rozhodnutia o&nbsp;odk\u00e1zanosti na soci\u00e1lnu slu\u017ebu: <em>\u0161pecializovan\u00e9 zariadenie<\/em> vydan\u00e9 do 31.8.2025 s&nbsp;term\u00ednom op\u00e4tovn\u00e9ho pos\u00fadenia zdravotn\u00e9ho stavu: <em>bez op\u00e4tovn\u00e9ho pos\u00fadenia<\/em> \u2013 zost\u00e1vaj\u00fa na\u010falej v platnosti a&nbsp;nie je potrebn\u00e9 \u017eiada\u0165 \u00daPSVR o&nbsp;integrovan\u00fd posudok. \u017diados\u0165 o pos\u00fadenie odk\u00e1zanosti na soci\u00e1lnu slu\u017ebu ob\u010dan pod\u00e1va na pr\u00edslu\u0161nom \u00daPSVR, a&nbsp;to pod\u013ea miesta trval\u00e9ho bydliska posudzovanej osoby.<\/li><li>Po nadobudnut\u00ed pr\u00e1voplatnosti rozhodnutia odk\u00e1zanosti na soci\u00e1lnu slu\u017ebu, ktor\u00e9ho s\u00fa\u010das\u0165ou je aj soci\u00e1lny posudok, &nbsp;ob\u010dan doru\u010d\u00ed \u00daradu NSK na odbor soci\u00e1lnych vec\u00ed <strong>\u017diados\u0165 o zabezpe\u010denie poskytovania soci\u00e1lnej slu\u017eby<\/strong>, na ktor\u00fa spln\u00ed podmienku odk\u00e1zanosti a&nbsp;p\u00f4jde o&nbsp;soci\u00e1lnu slu\u017ebu poskytovan\u00fa v&nbsp;domove soci\u00e1lnych slu\u017eieb, \u0161pecializovanom zariaden\u00ed ,rehabilita\u010dnom stredisku \u010di zariaden\u00ed podporovan\u00e9ho b\u00fdvania, ktor\u00e9 si vybral \u2013 v&nbsp;na\u0161om pr\u00edpade<strong> \u0161pecializovan\u00e9 zariadenie <\/strong>&#8211; <strong>Zariadenie soci\u00e1lnych slu\u017eieb LIENKA pri Klube rodi\u010dov autistick\u00fdch det\u00ed v&nbsp;Nitre. <\/strong>Ob\u010dan t\u00fato \u017eiados\u0165 doru\u010d\u00ed osobne alebo po\u0161tou na Odbor soci\u00e1lnych vec\u00ed \u00daNSK, kde mu m\u00f4\u017eu by\u0165 poskytnut\u00e9 inform\u00e1cie o vo\u013en\u00fdch miestach v zariadeniach soci\u00e1lnych slu\u017eieb a \u010fal\u0161ie potrebn\u00e9 inform\u00e1cie. Tla\u010divo \u017eiadosti o zabezpe\u010denie poskytovania soci\u00e1lnej slu\u017eby sa nach\u00e1dza <strong>na webovom s\u00eddle NSK a&nbsp;tie\u017e na konci tohto dokumentu. <\/strong>Ob\u010dan si ho m\u00f4\u017ee prevzia\u0165 aj osobne na \u00darade Nitrianskeho samospr\u00e1vneho kraja, R\u00e1zusova 2A, Nitra, odbor soci\u00e1lnych vec\u00ed, alebo v na\u0161om zariaden\u00ed soci\u00e1lnych slu\u017eieb. Zoznam v\u0161etk\u00fdch poskytovate\u013eov soci\u00e1lnych slu\u017eieb, ktor\u00ed s\u00fa veden\u00ed v registri poskytovate\u013eov, sa nach\u00e1dza na port\u00e1li <a href=\"http:\/\/www.unsk.sk\">\u00daNSK<\/a> v sekcii samospr\u00e1va&gt;odbor soci\u00e1lnych vec\u00ed. \u017diados\u0165 mus\u00ed obsahova\u0165:<ul><li>meno a priezvisko fyzickej osoby, ktorej sa m\u00e1 poskytova\u0165 soci\u00e1lna slu\u017eba, d\u00e1tum narodenia a adresu jej trval\u00e9ho pobytu,<\/li><li>n\u00e1zov poskytovate\u013ea soci\u00e1lnej slu\u017eby a miesto poskytovania soci\u00e1lnej slu\u017eby, ktor\u00e9 si osoba odk\u00e1zan\u00e1 na soci\u00e1lnu slu\u017ebu vybrala z registra poskytovate\u013eov soci\u00e1lnych slu\u017eieb spravidla v \u00fazemnom obvode Nitrianskeho samospr\u00e1vneho kraja, pr\u00edpadne po dohode s V\u00daC aj v zariaden\u00ed v \u00fazemnom obvode in\u00e9ho \u00fazemn\u00e9ho celku. V&nbsp;na\u0161om pr\u00edpade \u017eiada o&nbsp;zabezpe\u010denie soci\u00e1lnej slu\u017eby u&nbsp;poskytovate\u013ea<strong>: &nbsp;Klub rodi\u010dov autistick\u00fdch det\u00ed v&nbsp;Nitre, Vodn\u00e1 1119\/7, 949 01 Nitra, prev\u00e1dzka: Zariadenie soci\u00e1lnych slu\u017eieb LIENKA pri Klube rodi\u010dov autistick\u00fdch det\u00ed v&nbsp;Nitre, Dvor\u010dansk\u00e1 63, 949 05 Nitra \u2013 Doln\u00e9 Kr\u0161kany,<\/strong><\/li><li>druh soci\u00e1lnej slu\u017eby a formu soci\u00e1lnej slu\u017eby, v&nbsp;na\u0161om pr\u00edpade: <strong>\u0161pecializovan\u00e9 zariadenie, ambulantn\u00e1 forma<\/strong>,<\/li><li>predpokladan\u00fd de\u0148 za\u010datia poskytovania soci\u00e1lnej slu\u017eby a \u010das poskytovania soci\u00e1lnej slu\u017eby,<\/li><li>\u00fadaje o&nbsp;pr\u00edjme (napr. v\u00fd\u0161ka a&nbsp;druh d\u00f4chodku),<\/li><li>pr\u00e1voplatn\u00e9 rozhodnutie o odk\u00e1zanosti na soci\u00e1lnu slu\u017ebu vydan\u00e9 Nitrianskym samospr\u00e1vnym krajom do 31.8.2025 alebo integrovan\u00fd posudok vydan\u00fd \u00daPSVR od 1.9.2025,<\/li><li>rozhodnutie s\u00fadu o&nbsp;obmedzen\u00ed svojpr\u00e1vnosti na pr\u00e1vne \u00fakony a&nbsp;Rozhodnutie o&nbsp;ustanoven\u00ed opatrovn\u00edka (ak ide o&nbsp;z\u00e1ujemcu s&nbsp;obmedzenou sp\u00f4sobilos\u0165ou na pr\u00e1vne \u00fakony).<\/li><\/ul><\/li><li>Nitriansky samospr\u00e1vny kraj vo verejnom z\u00e1ujme zabezpe\u010d\u00ed poskytovanie soci\u00e1lnej slu\u017eby tak, \u017ee po\u017eiada bud\u00faceho poskytovate\u013ea soci\u00e1lnej slu\u017eby&nbsp; (v na\u0161om pr\u00edpade <strong>Klub rodi\u010dov autistick\u00fdch det\u00ed v&nbsp;Nitre<\/strong>) formou objedn\u00e1vky o poskytovanie soci\u00e1lnej slu\u017eby pre konkr\u00e9tneho ob\u010dana odk\u00e1zan\u00e9ho na pomoc inej fyzickej osoby pri \u00fakonoch sebaobsluhy. Zabezpe\u010denie poskytovania soci\u00e1lnej slu\u017eby sa uskuto\u010dn\u00ed v term\u00edne pod\u013ea podania \u017eiadosti do evidencie \u017eiadost\u00ed vedenej na Odbore soci\u00e1lnych vec\u00ed \u00daNSK. Evidencia \u017eiadost\u00ed je veden\u00e1 chronologicky pod\u013ea d\u00e1tumu prijatia \u017eiadosti o zabezpe\u010denie poskytovania soci\u00e1lnej slu\u017eby ob\u010danovi odk\u00e1zan\u00e9mu na pomoc inej fyzickej osoby pri \u00fakonoch sebaobsluhy.<\/li><li>S\u00fabe\u017ene so \u017eiados\u0165ou o&nbsp;zabezpe\u010denie poskytovania soci\u00e1lnej slu\u017eby v Zariaden\u00ed soci\u00e1lnych slu\u017eieb LIENKA pri Klube rodi\u010dov autistick\u00fdch det\u00ed v&nbsp;Nitre, ktor\u00fa z\u00e1ujemca o&nbsp;soci\u00e1lnu slu\u017ebu pod\u00e1va na \u00farad NSK (alebo na \u00farad in\u00e9ho V\u00daC pod\u013ea bydliska) pod\u00e1va aj \u017eiados\u0165 o&nbsp;poskytovanie soci\u00e1lnej slu\u017eby v&nbsp;na\u0161om zariaden\u00ed. T\u00e1to \u017eiados\u0165 nem\u00e1 predp\u00edsan\u00fa formu. Pokia\u013e z\u00e1ujemca o&nbsp;soci\u00e1lnu slu\u017ebu nevie tak\u00fato \u017eiados\u0165 nap\u00edsa\u0165, pom\u00f4\u017ee mu soci\u00e1lny pracovn\u00edk zariadenia. Soci\u00e1lny pracovn\u00edk komunikuje so z\u00e1ujemcom (\u017eiadate\u013eom) o&nbsp;soci\u00e1lnu slu\u017ebu a&nbsp;spolu dohodn\u00fa term\u00edn za\u010datia poskytovania soci\u00e1lnej slu\u017eby, dobu poskytovania (na dobu ur\u010dit\u00fa alebo neur\u010dit\u00fa), po\u010det hod\u00edn poskytovania soci\u00e1lnej slu\u017eby po\u010das d\u0148a.<\/li><\/ol>\n\n\n\n<p><strong>Uzatvorenie zmluvy o&nbsp;poskytovan\u00ed soci\u00e1lnej slu\u017eby so \u017eiadate\u013eom o&nbsp;soci\u00e1lnu slu\u017ebu nie je podmienen\u00e9 pe\u0148a\u017en\u00fdm alebo nepe\u0148a\u017en\u00fdm plnen\u00fdm.<\/strong><\/p>\n\n\n\n<p>Zmluva je uzatvoren\u00e1 p\u00edsomnou formou sp\u00f4sobom, ktor\u00fd je pre klienta zrozumite\u013en\u00fd. To znamen\u00e1, \u017ee poveren\u00fd zamestnanec informuje klienta vhodn\u00fdm, pre neho zrozumite\u013en\u00fdm sp\u00f4sobom, pre\u010do nav\u0161tevuje zariadenie, ak\u00e9 aktivity v&nbsp;zariaden\u00ed m\u00f4\u017ee robi\u0165, informuje sa zrozumite\u013en\u00fdm sp\u00f4sobom pre klienta, \u010do m\u00e1 r\u00e1d, \u010do nem\u00e1 r\u00e1d, \u010do r\u00e1d rob\u00ed a&nbsp;pod. Tieto inform\u00e1cie z\u00edskava aj od rodinn\u00fdch pr\u00edslu\u0161n\u00edkov, pr\u00edpadne od priate\u013eov a&nbsp;bl\u00edzkych os\u00f4b klienta.<\/p>\n\n\n\n<p><strong>Zmluva o&nbsp;poskytovan\u00ed soci\u00e1lnych slu\u017eieb obsahuje:<\/strong><\/p>\n\n\n\n<ol type=\"1\"><li>Ozna\u010denie zmluvn\u00fdch str\u00e1n: <strong>poskytovate\u013e soci\u00e1lnej slu\u017eby<\/strong>, <strong>prij\u00edmate\u013e soci\u00e1lnej slu\u017eby<\/strong> a&nbsp;v&nbsp;pr\u00edpade, \u017ee prij\u00edmate\u013e sp\u013a\u0148a podmienky \u010derpania v\u00fdhod \u010dlena o. z. v&nbsp;s\u00falade s&nbsp;Vn\u00fatorn\u00fdm \u0161tat\u00fatom Klubu rodi\u010dov autistick\u00fdch det\u00ed v&nbsp;Nitre, zmluvnou stranou je aj <strong>prispievate\u013e.<\/strong> Prispievate\u013eom je Klub rodi\u010dov autistick\u00fdch det\u00ed v&nbsp;Nitre, ktor\u00fd prispieva klientom (svojim \u010dlenom) finan\u010dnou \u010diastkou na soci\u00e1lnu rehabilit\u00e1ciu klientov (n\u00e1kup materi\u00e1lov, pom\u00f4cok, n\u00e1strojov, n\u00e1v\u0161teva kult\u00farnych podujat\u00ed a&nbsp;\u010fal\u0161ie aktivity) a&nbsp;to z&nbsp;pouk\u00e1zan\u00fdch 2 % dane pr\u00edpadne z&nbsp;darov.<\/li><li>Predmet zmluvy.<\/li><li>Druh a&nbsp;formu poskytovanej soci\u00e1lnej slu\u017eby.<\/li><li>Miesto a&nbsp;\u010das poskytovania soci\u00e1lnej slu\u017eby, de\u0148 za\u010datia poskytovania soci\u00e1lnej slu\u017eby.<\/li><li>Vecn\u00fd rozsah poskytovania soci\u00e1lnej slu\u017eby.<\/li><li>Cenu za soci\u00e1lnu slu\u017ebu a&nbsp;sp\u00f4sob jej \u00fahrady.<\/li><li>Pr\u00e1va a&nbsp;povinnosti zmluvn\u00fdch str\u00e1n.<\/li><li>Ochranu osobn\u00fdch \u00fadajov.<\/li><li>Osobitn\u00e9 ustanovenia, kde s\u00fa uveden\u00e9 aj d\u00f4vody jednostrannej v\u00fdpovede zmluvy.<\/li><li>Z\u00e1vere\u010dn\u00e9 ustanovenia.<\/li><li>Neoddelite\u013enou s\u00fa\u010das\u0165ou zmluvy je v\u00fdmer \u00fahrady.<\/li><\/ol>\n\n\n\n<p>Zmluvu a&nbsp;v\u00fdmer platby za poskytovate\u013ea podpisuje predseda ob\u010dianskeho zdru\u017eenia a&nbsp;za \u017eiadate\u013ea ju podpisuje samotn\u00fd \u017eiadate\u013e. Pokia\u013e je \u017eiadate\u013e pozbaven\u00fd sp\u00f4sobilosti na pr\u00e1vne \u00fakony, zmluvu podpisuje jeho s\u00fadom ur\u010den\u00fd opatrovn\u00edk.<\/p>\n\n\n\n<p>Ak sa zmenia skuto\u010dnosti, ktor\u00e9 s\u00fa predmetom zmluvy, zariadenie o&nbsp;tom vystav\u00ed dodatok k&nbsp;zmluve za s\u00fahlasu oboch str\u00e1n. Ak sa zmenia skuto\u010dnosti rozhoduj\u00face na ur\u010denie sumy \u00fahrady a&nbsp;platenia \u00fahrady za soci\u00e1lnu slu\u017ebu, zariadenie a&nbsp;prij\u00edmate\u013e soci\u00e1lnej slu\u017eby uzatvoria dodatok k&nbsp;zmluve.<\/p>\n\n\n\n<p>Zariadenie zabezpe\u010duje ochranu osobn\u00fdch \u00fadajov klienta (opatrovn\u00edka), ktor\u00e9 s\u00fa uveden\u00e9 v&nbsp;zmluve v&nbsp;s\u00falade so z\u00e1konom \u010d. 18\/2018 Z. z. o&nbsp;ochrane osobn\u00fdch \u00fadajov v&nbsp;platnom znen\u00ed. Zariadenie m\u00e1 vypracovan\u00e9 pre ka\u017ed\u00e9ho klienta <strong>Pou\u010denie dotknutej osoby v&nbsp;zmysle z\u00e1kona \u010d. 18\/2018 Z. z. o&nbsp;ochrane osobn\u00fdch \u00fadajov a&nbsp;o&nbsp;zmene a&nbsp;doplnen\u00ed niektor\u00fdch z\u00e1konov<\/strong>. Klient (opatrovn\u00edk) ako dotknut\u00e1 osoba je pou\u010den\u00fd o&nbsp;\u00fa\u010dely spracovania osobn\u00fdch \u00fadajov o&nbsp;pr\u00e1vnom z\u00e1klade spracov\u00e1vania osobn\u00fdch \u00fadajov, ktor\u00e9 osobn\u00e9 \u00fadaje klienta a&nbsp;opatrovn\u00edka s\u00fa spracov\u00e1van\u00e9, ak\u00e9 m\u00e1 pr\u00e1va dotknut\u00e1 osoba a&nbsp;ktor\u00fdm tret\u00edm osob\u00e1m je mo\u017en\u00e9 poskytn\u00fa\u0165 osobn\u00e9 \u00fadaje a&nbsp;za ak\u00fdm \u00fa\u010delom. Spisy klientov, v&nbsp;ktor\u00fdch s\u00fa ich osobn\u00e9 \u00fadaje s\u00fa ulo\u017een\u00e9 v&nbsp;skrinke pod z\u00e1mkom a&nbsp;maj\u00fa k&nbsp;nim pr\u00edstup iba opr\u00e1vnen\u00e9 osoby \u2013 teda zamestnanci v&nbsp;priamom kontakte s&nbsp;klientom, mana\u017e\u00e9rka kvality a&nbsp;mana\u017e\u00e9rka prev\u00e1dzky, ktor\u00ed s\u00fa obozn\u00e1men\u00ed s&nbsp;predmetn\u00fdm z\u00e1konom o&nbsp;ochrane osobn\u00fdch \u00fadajov. S\u00fa povinn\u00ed zachov\u00e1va\u0165 ml\u010danlivos\u0165 a&nbsp;chr\u00e1ni\u0165 osobn\u00e9 \u00fadaje dotknut\u00fdch os\u00f4b.<\/p>\n\n\n\n<p><strong>Postupy pri zaraden\u00ed z\u00e1ujemcu o&nbsp;soci\u00e1lnu slu\u017ebu do poradovn\u00edka \u010dakate\u013eov<\/strong><\/p>\n\n\n\n<p>Za spr\u00e1vnos\u0165 inform\u00e1ci\u00ed, ktor\u00e9 sa t\u00fdkaj\u00fa administrat\u00edvnych \u00fakonov a&nbsp;postupov pri zara\u010fovan\u00ed z\u00e1ujemcov o&nbsp;soci\u00e1lnu slu\u017ebu v&nbsp;na\u0161om zariaden\u00ed zodpoved\u00e1 mana\u017e\u00e9rka prev\u00e1dzky zariadenia.<\/p>\n\n\n\n<p>Z\u00e1ujemca o&nbsp;soci\u00e1lnu slu\u017ebu \u2013 \u0161pecializovan\u00e9 zariadenie \u2013 v&nbsp;ZSS LIENKA m\u00f4\u017ee z\u00edska\u0165 inform\u00e1cie pri n\u00e1v\u0161teve zariadenia, teda pri osobnom kontakte, telefonicky, alebo na web str\u00e1nke zariadenia <a href=\"http:\/\/www.autisti.sk\/lienka\/\">www.autisti.sk\/lienka\/<\/a>.<\/p>\n\n\n\n<p>V&nbsp;pr\u00edpade, \u017ee kapacita ZSS LIENKA je naplnen\u00e1 a&nbsp;na\u0161e zariadenie eviduje nov\u00e9 \u017eiadosti o&nbsp;poskytovanie soci\u00e1lnej slu\u017eby \u0161pecializovan\u00e9 zariadenie, m\u00e1me vypracovan\u00fd poradovn\u00edk z\u00e1ujemcov o&nbsp;soci\u00e1lnu slu\u017ebu a&nbsp;postupy pri zara\u010fovan\u00ed z\u00e1ujemcu do poradovn\u00edka \u010dakate\u013eov.<\/p>\n\n\n\n<p>Z\u00e1ujemca o&nbsp;soci\u00e1lnu slu\u017ebu v&nbsp;pr\u00edpade naplnenosti zariadenia m\u00f4\u017ee po\u017eiada\u0165 o&nbsp;zaradenie do <strong>Poradovn\u00edka \u010dakate\u013eov<\/strong>. Formul\u00e1r <strong>\u017diadosti o&nbsp;zaradenie do poradovn\u00edka \u010dakate\u013eov<\/strong> m\u00f4\u017eu z\u00e1ujemcovia n\u00e1js\u0165 na na\u0161ej web str\u00e1nke <a href=\"http:\/\/www.autisti.sk\/lienka\/\">www.autisti.sk\/lienka\/<\/a>, alebo si ho m\u00f4\u017eu prevzia\u0165 osobne v&nbsp;na\u0161om zariaden\u00ed, pr\u00edpadne mu ho m\u00f4\u017eeme posla\u0165 e-mailom.<\/p>\n\n\n\n<p>Z\u00e1ujemca o&nbsp;soci\u00e1lnu slu\u017ebu \u2013 \u010dakate\u013e v&nbsp;\u017eiadosti uv\u00e1dza:<\/p>\n\n\n\n<ul><li>svoje osobn\u00e9 \u00fadaje a&nbsp;bydlisko,<\/li><li>druh zdravotn\u00e9ho postihnutia (autizmus, kombinovan\u00e9 postihnutie),<\/li><li>inform\u00e1ciu, \u010di m\u00e1 pr\u00e1voplatn\u00e9 rozhodnutie a&nbsp;posudok o&nbsp;odk\u00e1zanosti na soci\u00e1lnu slu\u017ebu odk\u00e1zanosti, alebo tak\u00e9to rozhodnutie a&nbsp;posudok o&nbsp;odk\u00e1zanosti nem\u00e1,<\/li><li>na ak\u00fd druh soci\u00e1lnej slu\u017eby je odk\u00e1zan\u00fd,<\/li><li>d\u00e1tum spr\u00e1voplatnenia rozhodnutia o&nbsp;odk\u00e1zanosti na soci\u00e1lnu slu\u017ebu.<\/li><\/ul>\n\n\n\n<p>Pokia\u013e z\u00e1ujemca \u2013 \u010dakate\u013e predmetn\u00e9 rozhodnutie o&nbsp;odk\u00e1zanosti a&nbsp;posudok o&nbsp;odk\u00e1zanosti m\u00e1, je zaraden\u00fd do poradovn\u00edka \u010dakate\u013eov, pri\u010dom rozhoduj\u00faci je d\u00e1tum a \u010das, kedy zariadenie \u017eiados\u0165 prevezme. V&nbsp;pr\u00edpade, \u017ee z\u00e1ujemca \u2013 \u010dakate\u013e poslal \u017eiados\u0165 o&nbsp;zaradenie do poradovn\u00edka po\u0161tou, rozhoduj\u00faci je d\u00e1tum a&nbsp;\u010das podania. Zariadenie si urob\u00ed k\u00f3piu rozhodnutia a&nbsp;posudku o&nbsp;odk\u00e1zanosti na soci\u00e1lnu slu\u017ebu.<\/p>\n\n\n\n<p>Pokia\u013e z\u00e1ujemca \u2013 \u010dakate\u013e pr\u00e1voplatn\u00e9 rozhodnutie a&nbsp;posudok o&nbsp;odk\u00e1zanosti e\u0161te nem\u00e1, zariadenie ho taktie\u017e zarad\u00ed do poradovn\u00edka \u010dakate\u013eov, pri\u010dom d\u00e1tum a&nbsp;\u010das podania \u017eiadosti nie je rozhoduj\u00faci. Zamestnanci zariadenia z\u00e1ujemcu \u2013 \u010dakate\u013ea informuj\u00fa o&nbsp;celom procese za\u010datia poskytovania soci\u00e1lnej slu\u017eby od posudkovej \u010dinnosti a\u017e po umiestnenie z\u00e1ujemcu, pr\u00edpadne po zaradenie do poradovn\u00edka \u010dakate\u013eov. V&nbsp;pr\u00edpade potreby z\u00e1ujemcovi \u2013 \u010dakate\u013eovi pom\u00e1haj\u00fa pri vybavovan\u00ed rozhodnutia a&nbsp;posudku o&nbsp;odk\u00e1zanosti a&nbsp;tie\u017e pri pod\u00e1van\u00ed \u017eiadosti o&nbsp;zabezpe\u010denie soci\u00e1lnej slu\u017eby na odbor soci\u00e1lnych vec\u00ed \u00daradu NSK. Pokia\u013e z\u00e1ujemca \u2013 \u010dakate\u013e z\u00edskal pr\u00e1voplatn\u00e9 rozhodnutie a&nbsp;posudok o&nbsp;odk\u00e1zanosti, hne\u010f informuje zariadenie. Zariadenie si urob\u00ed k\u00f3piu rozhodnutia a&nbsp;posudku o&nbsp;odk\u00e1zanosti. Rozhoduj\u00faci je d\u00e1tum spr\u00e1voplatnenia rozhodnutia. Tento sa n\u00e1sledne uv\u00e1dza do \u017eiadosti \u010dakate\u013ea do poradovn\u00edka. Pri umiest\u0148ovan\u00ed z\u00e1ujemcu \u2013 \u010dakate\u013ea na soci\u00e1lnu slu\u017ebu m\u00e1 prednos\u0165 ten \u010dakate\u013e, ktor\u00fd sk\u00f4r predlo\u017eil pr\u00e1voplatn\u00e9 rozhodnutie a&nbsp;posudok o&nbsp;odk\u00e1zanosti. Pokia\u013e je v&nbsp;\u017eiadosti z\u00e1ujemcu \u2013 \u010dakate\u013ea neskor\u0161\u00ed d\u00e1tum spr\u00e1voplatnenia rozhodnutia ako d\u00e1tum podania \u017eiadosti, pri zara\u010fovan\u00ed do poradia je rozhoduj\u00faci d\u00e1tum spr\u00e1voplatnenia rozhodnutia o&nbsp;odk\u00e1zanosti na soci\u00e1lnu slu\u017ebu.<\/p>\n\n\n\n<p>V&nbsp;pr\u00edpade, \u017ee z\u00e1ujemca \u2013 \u010dakate\u013e, ktor\u00fd m\u00e1 pr\u00e1voplatn\u00e9 rozhodnutie a&nbsp;posudok o&nbsp;odk\u00e1zanosti a predlo\u017eil \u017eiados\u0165 o&nbsp;zaradenie do poradovn\u00edka nesk\u00f4r, ako z\u00e1ujemca \u2013 \u010dakate\u013e, ktor\u00fd nem\u00e1 pr\u00e1voplatn\u00e9 rozhodnutie a&nbsp;posudok o&nbsp;odk\u00e1zanosti, d\u00f4le\u017eit\u00fd bude d\u00e1tum spr\u00e1voplatnenia rozhodnutia. Ak d\u00e1tum podania \u017eiadosti toho z\u00e1ujemcu \u2013 \u010dakate\u013ea, ktor\u00fd s\u00edce svoju \u017eiados\u0165 predlo\u017eil nesk\u00f4r, ale mal pr\u00e1voplatn\u00e9 rozhodnutie a&nbsp;posudok u\u017e pri pod\u00e1van\u00ed \u017eiadosti je skor\u0161\u00ed, ako d\u00e1tum spr\u00e1voplatnenia rozhodnutia toho z\u00e1ujemcu \u2013 \u010dakate\u013ea, ktor\u00fd pri podan\u00ed \u017eiadosti predmetn\u00e9 dokumenty e\u0161te nemal, tak tento z\u00e1ujemca \u2013 \u010dakate\u013e m\u00e1 prednos\u0165 v&nbsp;zara\u010fovan\u00ed do poradovn\u00edka.<\/p>\n\n\n\n<p>Zariadenie si vedie poradovn\u00edk z\u00e1ujemcov o&nbsp;soci\u00e1lnu slu\u017ebu vo svojej spisovej dokument\u00e1cii. Poradovn\u00edk je zverejnen\u00fd na na\u0161ej web str\u00e1nke <a href=\"http:\/\/www.autisti.sk\/lienka\/\">www.autisti.sk\/lienka\/<\/a> v&nbsp;\u010dasti INFORM\u00c1CIE LIENA, pri\u010dom je zabezpe\u010den\u00e1 ochrana osobn\u00fdch \u00fadajov z\u00e1ujemcov \u2013 \u010dakate\u013eov o&nbsp;soci\u00e1lnu slu\u017ebu v&nbsp;s\u00falade so z\u00e1konom \u010d. 18\/2018 Z. z. o&nbsp;ochrane osobn\u00fdch \u00fadajov v&nbsp;platnom znen\u00ed.<\/p>\n\n\n\n<div style=\"height:60px\" aria-hidden=\"true\" class=\"wp-block-spacer\"><\/div>\n\n\n\n<p><strong>Dokumenty na stiahnutie:<\/strong><\/p>\n\n\n\n<div class=\"wp-block-file\"><a id=\"wp-block-file--media-cdbf8f88-fd93-4490-ba59-2d0a821ef6e6\" href=\"http:\/\/www.autisti.sk\/lienka\/wp-content\/uploads\/2025\/09\/ziadost_o_zabezpecenie_poskytovania_socialnej_sluzby.pdf\" target=\"_blank\" rel=\"noreferrer noopener\">\u017diados\u0165 o zabezpe\u010denie poskytovania soci\u00e1lnej slu\u017eby (pdf)<\/a><a href=\"http:\/\/www.autisti.sk\/lienka\/wp-content\/uploads\/2025\/09\/ziadost_o_zabezpecenie_poskytovania_socialnej_sluzby.pdf\" class=\"wp-block-file__button\" download aria-describedby=\"wp-block-file--media-cdbf8f88-fd93-4490-ba59-2d0a821ef6e6\">Stiahnu\u0165<\/a><\/div>\n\n\n\n<div class=\"wp-block-file\"><a id=\"wp-block-file--media-08f934e3-a809-4f3e-a500-1634331fc711\" href=\"http:\/\/www.autisti.sk\/lienka\/wp-content\/uploads\/2022\/03\/Ziadost-o-zaradenie-do-poradovnika-cakatelov.pdf\" target=\"_blank\" rel=\"noreferrer noopener\">\u017diados\u0165 o zaradenie do poradovn\u00edka \u010dakate\u013eov (pdf)<\/a><a href=\"http:\/\/www.autisti.sk\/lienka\/wp-content\/uploads\/2022\/03\/Ziadost-o-zaradenie-do-poradovnika-cakatelov.pdf\" class=\"wp-block-file__button\" download aria-describedby=\"wp-block-file--media-08f934e3-a809-4f3e-a500-1634331fc711\">Stiahnu\u0165<\/a><\/div>\n","protected":false},"excerpt":{"rendered":"<p>Aby mohla by\u0165 z\u00e1ujemcovi o&nbsp;soci\u00e1lnu slu\u017ebu v&nbsp;na\u0161om zariaden\u00ed t\u00e1to slu\u017eba poskytovan\u00e1 so zmluvn\u00fdm zabezpe\u010den\u00edm z&nbsp;NSK (pr\u00edpadne in\u00e9ho VUC pod\u013ea bydliska z\u00e1ujemcu), je potrebn\u00e9 postupova\u0165 pod\u013ea t\u00fdchto administrat\u00edvnych krokov: Fyzick\u00e1 osoba po\u017eiada na pr\u00edslu\u0161nom \u00daPSVR o&nbsp;integrovan\u00fd posudok (pod\u013ea miesta trval\u00e9ho bydliska). &nbsp;V&nbsp;na\u0161om pr\u00edpade ide o&nbsp;odk\u00e1zanos\u0165 na \u0161pecializovan\u00e9 zariadenie. Rozhodnutia o&nbsp;odk\u00e1zanosti na soci\u00e1lnu slu\u017ebu: \u0161pecializovan\u00e9 zariadenie vydan\u00e9 do 31.8.2025 s&nbsp;term\u00ednom op\u00e4tovn\u00e9ho pos\u00fadenia zdravotn\u00e9ho stavu: bez op\u00e4tovn\u00e9ho pos\u00fadenia \u2013 zost\u00e1vaj\u00fa na\u010falej v platnosti a&nbsp;nie je potrebn\u00e9 \u017eiada\u0165 \u00daPSVR o&nbsp;integrovan\u00fd posudok. \u017diados\u0165 o pos\u00fadenie odk\u00e1zanosti na soci\u00e1lnu slu\u017ebu ob\u010dan pod\u00e1va na pr\u00edslu\u0161nom \u00daPSVR, a&nbsp;to pod\u013ea miesta trval\u00e9ho bydliska posudzovanej osoby. Po nadobudnut\u00ed pr\u00e1voplatnosti rozhodnutia &hellip; <\/p>\n","protected":false},"author":2,"featured_media":0,"parent":0,"menu_order":0,"comment_status":"closed","ping_status":"closed","template":"","meta":{"ngg_post_thumbnail":0},"_links":{"self":[{"href":"http:\/\/www.autisti.sk\/lienka\/wp-json\/wp\/v2\/pages\/165"}],"collection":[{"href":"http:\/\/www.autisti.sk\/lienka\/wp-json\/wp\/v2\/pages"}],"about":[{"href":"http:\/\/www.autisti.sk\/lienka\/wp-json\/wp\/v2\/types\/page"}],"author":[{"embeddable":true,"href":"http:\/\/www.autisti.sk\/lienka\/wp-json\/wp\/v2\/users\/2"}],"replies":[{"embeddable":true,"href":"http:\/\/www.autisti.sk\/lienka\/wp-json\/wp\/v2\/comments?post=165"}],"version-history":[{"count":20,"href":"http:\/\/www.autisti.sk\/lienka\/wp-json\/wp\/v2\/pages\/165\/revisions"}],"predecessor-version":[{"id":1147,"href":"http:\/\/www.autisti.sk\/lienka\/wp-json\/wp\/v2\/pages\/165\/revisions\/1147"}],"wp:attachment":[{"href":"http:\/\/www.autisti.sk\/lienka\/wp-json\/wp\/v2\/media?parent=165"}],"curies":[{"name":"wp","href":"https:\/\/api.w.org\/{rel}","templated":true}]}}